uppose -2*o + 4 = 0, 5*d = 3*o - 4 + 13. Suppose -5*s + 20 = -5*y, d*s + y = -0*s + 4. What is the tens digit of (s + 1)/(((-9)/(-327))/1)?
0
Let p(n) = 2*n**2 + 3*n. Let l be p(0). Suppose 104*h - 100*h - 1728 = l. What is the hundreds digit of h?
4
Suppose u + 5*l - 3620 + 1007 = 0, -4*u - 4*l + 10516 = 0. Suppose 6*n - 1729 = u. What is the tens digit of n?
2
Suppose -2*o - 113438 = -3*q, -56*o - 151269 = -4*q - 57*o. What is the hundreds digit of q?
8
Let y(f) = f**3 + 70*f**2 - 102*f - 81. What is the tens digit of y(-70)?
5
Let v(m) = -1687*m**2 + 8 + 3370*m**2 + 7*m**3 + m - 1688*m**2 - 6*m**3. Let l = 4 + 2. What is the units digit of v(l)?
0
Let g be 7/((3 + -5)/(-764)*2). Suppose -7*d - g = -3500. What is the tens digit of d?
0
Suppose -s + 4*p + 26030 = -14069, 160306 = 4*s + 2*p. What is the ten thousands digit of s?
4
Suppose -11*v = 14*v - 28*v. Let u(h) = 1 + 8*h + v + 15*h + 9. What is the tens digit of u(9)?
1
Suppose -2*n + 85 = 2*n - k, 2*k - 116 = -5*n. Suppose n*o - 28*o = -1236. What is the units digit of o?
6
Let n = -53645 - -78990. What is the ten thousands digit of n?
2
Let b = -2886 - -7498. What is the units digit of b/14 + (-39)/91?
9
Suppose t - 8758 - 6574 = -3*z, -7*t - 7 = 0. What is the tens digit of z?
1
Let i = 420 - 355. What is the hundreds digit of 26/i - ((-1243)/5 - 1)?
2
Let m = -46986 + 82765. What is the thousands digit of m?
5
What is the thousands digit of (-6 + 2)*-910 - -12?
3
Suppose u = -6*c + 11*c + 48, 3*u - 9 = 0. What is the tens digit of 3/8 - (330984/64)/c?
7
Suppose t + 3*l + 0*l = 8138, -2*t + 5*l = -16243. What is the tens digit of t?
2
Suppose 0 = -7*h + 8*h. Let d(a) = -3*a + 117. Let t be d(h). What is the units digit of 0 + t/6 - 5/10?
9
Suppose -3*c + 71 = 62. What is the units digit of (-15)/20 - (c - (-326)/(-8))?
7
Suppose -27 = -3*t + 4*c, 5*t + 16*c = 18*c + 31. Suppose -22*s + 7072 = -t*s. What is the units digit of s?
6
Let q(l) = -l**2 - 5*l - 69. Let y be q(-6). Suppose 24 = -g + 2*v, 2*g + 30 + 0 = -2*v. Let d = g - y. What is the units digit of d?
7
Let t(z) = z + 9. Let h be t(0). Suppose 0 = -h*c + 15*c - 30. Suppose c*q = -4*a + 810, -q + 140 = -a - 31. What is the hundreds digit of q?
1
Suppose -1155*x + 2680470 = -1065*x. What is the hundreds digit of x?
7
Suppose 17 = 5*a - 3. What is the units digit of (7 - a) + 3696/6?
9
Suppose -5*d = 4*z - 402, 2*d = 6*d - 8. Let n = -97 + z. What is the units digit of n?
1
Suppose 430*j = 427*j + 12. Suppose -3*g = l - 4565, j*g - 2877 - 3215 = -4*l. What is the thousands digit of g?
1
Let i(d) = -7*d + 31. Let l be i(0). Let w = l - 26. Suppose w*v + 403 = 3*n + 18, 0 = -5*v + 5. What is the hundreds digit of n?
1
Let a(z) = -z**2 - 16*z + 2*z + 11 + 3*z**2 + 10*z. Let h = -4 - -9. What is the tens digit of a(h)?
4
Let q be 64/(-6) + (-6)/(-9). Let a(y) = 6*y + 30. Let b be a(q). Let v = 33 + b. What is the units digit of v?
3
Suppose -1615 - 209 = -8*r. Suppose k + r = -3*k. Let z = 41 - k. What is the tens digit of z?
9
Let d(x) = 9 - 14 - 11 + 1 - 33 + 765*x. What is the tens digit of d(1)?
1
What is the units digit of 31082/3 - (-17 - 371/(-21))?
0
Suppose -2*z = -0*z + 152. Suppose -22*j = -6*j - 1712. Let d = j + z. What is the tens digit of d?
3
Let p(z) = z**3 - 15*z**2 - 19*z - 19. Let n be p(17). Let x be 4/34 - (-1 - (-2316)/34). Let l = x + n. What is the units digit of l?
9
Let x = -10 + -5. Let w = x + -9. What is the units digit of ((-32)/w)/((-4)/(-66))?
2
Suppose -25*i + 13*i - 127599 = -15*i. What is the hundreds digit of i?
5
Let o = -32 - -41. Suppose -o*a + 1014 = -3*a. What is the tens digit of a?
6
Let n(b) = -2*b + 27. Let a be n(9). Suppose 0 = -3*j - 2*o + 1275, -a*o - 12 = -5*o. What is the units digit of j?
7
Let q = -7018 - -21215. What is the units digit of q?
7
Let d(b) = b**3 + 46*b**2 + 247*b - 37. What is the units digit of d(-29)?
7
Suppose -3*v - 3 = 0, 4*n - 17*v = -14*v - 2153. Let y = n - -960. What is the tens digit of y?
2
Let y(d) = d**2 - 12*d - 19. Let i be y(-13). Let h be 12 + i - 3*2/(-2). Suppose 0 = 12*u - h - 291. What is the tens digit of u?
5
Suppose -71*h - 63*h = -124*h - 101050. What is the tens digit of h?
0
Suppose 4*f = 64 - 44, -f + 397 = -4*g. What is the units digit of (-454)/(-3)*(g + 101)?
4
Let g be (-9)/3 + 1*428. Let w be (25/(-2))/(-5)*(-240)/(-100). Suppose -w*o + g = -o. What is the units digit of o?
5
Let v(w) = 3*w - 7. Let d(k) = k + 1. Let h(c) = -6*d(c) - v(c). Let r be 162/(-9)*(-3)/(-9). What is the units digit of h(r)?
5
Let b(d) = -d**3 + d**2 + 3*d. Let i(s) = -5*s**3 - 25*s**2 + 20*s + 66. Let v(x) = 4*b(x) - i(x). What is the units digit of v(-28)?
2
Let a(f) = -6 + 154*f**2 - f + 2 + 2. What is the hundreds digit of a(2)?
6
What is the ten thousands digit of 1 + 15268 - (-2 + -29 + 8 - -15)?
1
Let f(q) = 304*q**2 - 34*q - 105. What is the hundreds digit of f(-3)?
7
What is the hundreds digit of (-28 - 24)*(-10)/(-15)*-12?
4
Suppose 12*n = 2*n - 60. Let p(k) = -k**2 - 6*k + 5. Let x be p(n). Suppose z = x*z - 4. What is the units digit of z?
1
Let y(t) = 2*t**2 - 43*t + 81. Let k be y(2). Suppose 3*l = 4*x + 5543, x - 5525 = -k*l - 4*x. What is the hundreds digit of l?
8
Let k = -11 + 3. Let p be (k/12)/(1/(-3)). Suppose -p*f - 440 = -4*y, -3*y + 329 = -3*f + f. What is the tens digit of y?
1
Let a(f) = 22*f**2 + 4*f - 52. What is the units digit of a(19)?
6
Let a(o) = -3*o**3 - 29*o**2 - 4*o - 73. Let z be a(-12). Suppose q = 2*m + 493, -2*q = 37*m - 38*m - z. What is the units digit of q?
1
Let n(c) = 2*c**2 - 12*c. Let u be n(10). Suppose j - 243 = u. What is the tens digit of j?
2
Suppose 2*u + 2*i + 2*i - 6 = 0, 2*i - 28 = 4*u. Let k be 1/u + 11/55. Suppose k*h + h + 3 = 0, 4*h + 177 = 5*s. What is the tens digit of s?
3
Let q(p) = p**3 - 13*p**2 - p + 15. Let v be q(13). Let s be (209/1 - 6) + (v - 0). Let c = s - 43. What is the hundreds digit of c?
1
Let i = -46 - -211. Suppose -9*l = -12*l + i. Let v = 125 - l. What is the tens digit of v?
7
Suppose 5*d - 4*m = 40612, -5*d - 27660 = 3*m - 68251. What is the hundreds digit of d?
1
Let m(x) = x**3 - 4*x**2 - x - 277. Let w(c) = 3*c**3 - 9*c**2 - 2*c - 555. Let n(s) = -7*m(s) + 3*w(s). What is the units digit of n(0)?
4
Suppose -2*y + 4*m - 3 = -23, 46 = 4*y - 5*m. Let g be 4/2 + y + -207. Let x = g + 286. What is the tens digit of x?
9
Let v = -74716 + 110456. What is the thousands digit of v?
5
Suppose -5630 = -3*k - 5*q + 1966, -4*k + 4*q + 10096 = 0. What is the hundreds digit of k?
5
Let o(j) = 497*j + 7. Let s be o(1). Let h = 764 - s. What is the hundreds digit of h?
2
Suppose -x = -4 - 1, -5*h = 3*x - 8460. Let z = -808 + h. What is the hundreds digit of z?
8
Let q(j) = -2*j**3 + 8*j**2 + 324*j + 24. What is the tens digit of q(-15)?
1
Let v(z) = z**3 + 3*z**2 - 51*z + 15. Let l be v(6). Let s(w) = 18*w**2 + 4*w + 2. Let m be s(-2). What is the units digit of 3684/m + (0 - (-6)/l)?
6
Suppose -131 = 12*f - 191. Let b be 3338/4 + (-1)/(-2). Suppose 2*r + 2*r = 4*p + 676, b = f*r + 5*p. What is the tens digit of r?
6
Let t be -2 + (6/4)/(10/20). What is the tens digit of (-9456)/(-64) - t/(-4)?
4
Let m(x) = 155*x**3 - 10*x**2 + 7*x + 87. What is the thousands digit of m(4)?
9
Suppose 0 = 626*t - 621*t - 79195. What is the hundreds digit of t?
8
What is the units digit of 147928/30 + (-5)/(0 + -75)?
1
Suppose -24*x = -x + 276. What is the units digit of (-118)/x*2 - (-3)/9?
0
Let x(p) = 90*p**2 - 749*p + 8. What is the hundreds digit of x(12)?
9
Suppose -104*f = 98*f - 222*f + 408600. What is the ten thousands digit of f?
2
Suppose -s + 6*s = 2*j + 159551, -287193 = -9*s + 3*j. What is the ten thousands digit of s?
3
Let p(r) = -131*r - 149. Let i be p(-13). Suppose -i = -4*z - 2*s, z + s = 6*s + 361. What is the units digit of z?
6
Let m(z) = -z**3 + 3*z**2 - z + 22. Let h be m(4). Suppose -2*u = -h*f + 556, f = 3*u - 14 + 296. What is the tens digit of f?
7
Let p = 77 + -77. Let a be 173/(-4 + (p - -3)). Let t = a - -247. What is the units digit of t?
4
Let o(q) = 4*q**2 + 37 + 11*q - 1 - 2*q**2 - 3*q**2. Let j be o(14). What is the tens digit of (-15)/(-25)*(-5)/j*66?
3
Let x = -14470 - -27357. What is the ten thousands digit of x?
1
Suppose 0 = -3*j - 195 + 1074. Let s = 543 -